 Calculate the highest common divisor of 15 and b.
15
Let n(q) = -2*q**3 - 51*q**2 - 25*q + 12. Let g be n(-25). What is the greatest common factor of 24 and g?
12
Let q(g) = -g**2 - 135*g - 1896. Let f be q(-16). Let z(h) = 23*h - 1. Let r be z(2). Suppose 0 = -3*s + 51 + r. What is the greatest common factor of f and s?
8
Suppose d + d - 8 = 4*p, -5*p + 5*d - 5 = 0. Let t be 16*p*15/(-20). Calculate the highest common factor of t and 4.
4
Suppose 2*x + 4*s + 28 = 0, 5*x + 11 = s - 26. Let b = 14 + x. Calculate the greatest common factor of 10 and b.
2
Let j(g) = 7*g**2 + 3*g + 2. Let f be j(-2). Let w = -632 + 640. What is the highest common divisor of w and f?
8
Suppose -33 + 21 = -4*o. Calculate the greatest common divisor of 3 and o.
3
Let h = 9 + 2. Let j(t) = -6. Let w(k) = k - 6. Let g(f) = -2*j(f) + 3*w(f). Let r be g(h). What is the greatest common divisor of 18 and r?
9
Let t = -113 + 206. What is the greatest common factor of t and 155?
31
Let j be 30/4*(-14)/(-21). Suppose 2*s - j*s = -6, -4*s = -3*a + 34. Let h(y) = 8*y - 4. Let z be h(4). Calculate the highest common divisor of z and a.
14
Suppose 4*t = 5*c + 26, -2*t = 3*c + 2*c + 2. Suppose -t + 2 = -l. Suppose u + l*u - 525 = 0. What is the greatest common factor of 25 and u?
25
Let j be 4/7 + (-70)/(-49) - -2. Let o = 7 + -3. What is the highest common factor of o and j?
4
Let d = 81 + -21. Let h = -9 - -24. Calculate the greatest common factor of h and d.
15
Let b = 106 + -83. Calculate the highest common divisor of 92 and b.
23
Let q = 4826 - 4818. Let f(c) = 15*c + 1. Let o be f(1). Calculate the greatest common factor of q and o.
8
Let u be (6/(12/(-2)))/(1/(-18)). Let s(w) = -w**2 + 5. Let j be s(-6). Let h = 23 - j. What is the greatest common factor of u and h?
18
Let r(t) = -t + 8. Let y be r(3). Let j be 6/15 - (-23)/y. Suppose j*h + 4 - 94 = 0. Calculate the greatest common factor of h and 12.
6
Let b = -6 - -33. Suppose -a - 2*s = -6*a + 532, 444 = 4*a + 3*s. What is the greatest common factor of b and a?
27
Suppose -26 = 2*n - 206. Suppose 8*f - n = 3*f. Let k = -14 - -16. Calculate the greatest common divisor of f and k.
2
Let j = 2078 + -2028. What is the greatest common divisor of j and 8?
2
Let y = 121 - -131. Suppose -63 = -z - d, 4*z - 2*d = -d + y. What is the greatest common factor of 42 and z?
21
Let i be -4*(293/(-12) + 3/18). What is the highest common factor of 4 and i?
1
Let d(w) = -8*w + 7. Let l be d(3). Let z = 24 + l. Calculate the greatest common factor of 7 and z.
7
Let r(a) = -5 + 2*a**3 - 3*a**3 + 9*a**2 + 3*a + 4*a - 6*a. Let h be r(9). Let b be (2 + 67)/3 + h. Calculate the highest common factor of b and 9.
9
Let c = 30 + -30. Let u = c + 16. Suppose 40 = -i + 120. Calculate the greatest common divisor of i and u.
16
Let a = -260 - -1180. What is the greatest common factor of 345 and a?
115
Let d = 458 - 346. What is the greatest common divisor of 32 and d?
16
Let a be ((-1)/(-5))/((-30)/(-1050)) + (0 - 4). Suppose 6*z - 150 = 3*z. Let b = -23 + z. What is the highest common divisor of b and a?
3
Let o(b) = 110*b**2 + 4*b + 8. Let m be o(-2). What is the greatest common factor of m and 176?
88
Suppose 34 = 80*g - 78*g. What is the greatest common factor of 85 and g?
17
Let k = -10 - -15. Suppose 2*m + 162 = k*m. Let s = 58 - 22. What is the greatest common divisor of s and m?
18
Let m be 12/7 - 4/(-14). Suppose -a - 24 = -m*a. Let p(v) = v**3 - 28*v**2 + 27*v + 8. Let d be p(27). What is the highest common divisor of d and a?
8
Let t(d) = -31*d - 122. Let k be t(-5). What is the highest common factor of k and 12?
3
Let r(m) = -47*m + 13. Let t be r(-2). Let q = -101 + t. Let o(z) = z**2 + 4*z + 3. Let i be o(-4). Calculate the highest common divisor of q and i.
3
Suppose 0 = 5*c - 25, 2*c = -3*a + 7*c + 32. Let q = 264 + -226. Calculate the greatest common divisor of a and q.
19
Let m = 27 + 88. Let g = -88 + m. Calculate the greatest common divisor of 9 and g.
9
Let v be (-5100)/(-108) + 4/(-18). Let u be v/9 - (-6)/(-27). What is the greatest common factor of u and 1?
1
Let z(t) = 9*t + 84. Let l be z(-6). Let v(d) = d**2 + 4*d - 5. Let j be v(10). What is the highest common divisor of l and j?
15
Let u(h) = 31*h - 662. Let t be u(41). What is the greatest common factor of 87 and t?
87
Let p be (-140)/4*9/(-5). Suppose 7*m = 11*m. Suppose 4*y - 13 - 71 = m. What is the greatest common factor of y and p?
21
Let v be 16115/165 + (-2)/(-6). What is the greatest common factor of 1666 and v?
98
Let l(z) = z**2 - 2*z + 4. Let u be l(2). Suppose -4*s + 195 = 3*o, u*o = 5*s + o - 210. What is the greatest common factor of s and 9?
9
Suppose 5*p + 24*z - 29*z - 12835 = 0, 2*p + z - 5137 = 0. What is the highest common factor of 24 and p?
24
Suppose -2*d - 3*b + 281 = 0, -d + 132 = 4*b - 16. Let o = 70 + -36. What is the greatest common divisor of d and o?
34
Suppose 12 = -3*q, -5*l + 9 = 2*q - 8. Suppose -6*h + l*r + 215 = -h, 2*h + r = 92. What is the greatest common factor of h and 225?
45
Let o be (-14 - -12) + (-18)/((-6)/3). Calculate the highest common factor of 2 and o.
1
Let u be 8/6 + 10/(-30). What is the greatest common factor of u and 1?
1
Let w(p) = -p**3 - 9*p**2 - 11*p + 6. Let a be w(-8). Let o be 16/(-72) - 4864/(-18). Calculate the greatest common divisor of o and a.
30
Suppose 5*m = -4*n + 106 - 34, -54 = -3*n - 4*m. Calculate the highest common factor of n and 12.
6
Suppose f = 2 + 5. Suppose 0 = 2*h + 4*p - 96, 4*h = f*p - 2*p + 257. Let q = 440 - 295. What is the highest common factor of q and h?
29
Let c be (4/8)/((-3)/(-216)*2). Let a = -134 + 210. Suppose x - 86 = a. What is the highest common factor of x and c?
18
Suppose 0 = -5*r + 5*a + 7310, 2*a - 16 = -14. What is the highest common divisor of 77 and r?
77
Suppose 4*z - 6*z + 10 = 0. Let t be (1*-39)/(-3)*z. Suppose 0 = -5*g + t + 35. What is the highest common divisor of g and 30?
10
Let k = -260 + 644. Suppose -n = -5*n + k. Suppose 5*y - 111 = -4*l - 18, 3*l - n = 5*y. Calculate the highest common factor of l and 18.
9
Let k = -2 + 19. Let v(b) = b**3 - 18*b**2 + 18*b + 1. Let w be v(k). Let p be (-6)/8*-2*30. Calculate the highest common factor of w and p.
9
Let s = 13 - 12. Let t be 12 + (-5 - (-1 - 0)). Let h be 3/(-2)*t/(-6). Calculate the highest common divisor of s and h.
1
Let v(q) = -2*q + 96. Let w be v(0). Let c be 1/(-6) + 880/w. What is the highest common divisor of c and 9?
9
Let l(c) = -c**2 + 1. Let u be l(1). Suppose u = -4*b + 8*b - 308. Let j = -13 + 24. Calculate the highest common divisor of b and j.
11
Suppose 11*w - 13*w + 5*j + 395 = 0, 205 = w + 5*j. What is the highest common divisor of 550 and w?
50
Suppose -1185 + 403 = -17*d. Let m be d/69*(1 + 75 - 1). Calculate the greatest common factor of 200 and m.
50
Let d(w) = 2*w**3 - 7*w**2 - 5*w - 1. Let y be d(6). Let u = y + -53. Calculate the greatest common divisor of u and 32.
32
Let h = -17 + 87. Let v be (-2)/(3/(0 + -3)). Suppose 0 = -v*i + 2*x + 56, -3*i = -6*i - 4*x + 84. What is the greatest common divisor of h and i?
14
Let c be (3 + 4 + 0)*(-48)/(-14). What is the greatest common factor of 228 and c?
12
Suppose 17 = z - 3. Calculate the greatest common factor of z and 36.
4
Suppose -4*k - 3*b + 455 - 74 = 0, 386 = 4*k + 2*b. What is the greatest common factor of k and 9?
9
Let c(l) = l**3 - 3*l**2 + 4. Let p be c(4). Suppose -3*d + 0*d + 648 = 3*z, 5*z + 20 = 0. Calculate the greatest common factor of d and p.
20
Suppose -3*l + 51 = -300. Suppose -5*j + 8*j - l = 0. Calculate the highest common divisor of 195 and j.
39
Suppose 5*d + 10604 = 3*z, z = -12*d + 9*d + 3516. Calculate the highest common factor of z and 84.
84
Let a = -140 - -182. Let b(s) = 7*s**2 + 2*s + 1. Let m be b(-4). What is the highest common factor of a and m?
21
Let v(q) = -47*q - 183. Let o be v(-4). What is the greatest common divisor of 7 and o?
1
Let c be (38628/1827)/((8/98)/2). Calculate the highest common divisor of c and 222.
74
Let z(q) = 13*q + 583. Let s be z(-31). Calculate the greatest common divisor of 135 and s.
45
Let d(t) be the first derivative of -t**4/4 + 6*t**3 - 6*t**2 - 13*t - 43. Let f be d(17). Calculate the greatest common factor of f and 16.
8
Suppose 4*h - 679 + 223 = 0. Suppose